0001000101100
Convert 44846 (base 10) to base 4.
22330232
What is 1232125551 (base 6) in base 7?
233146114
What is 5a87 (base 16) in base 8?
55207
What is 11011111111010001100 (base 2) in base 6?
31353552
Convert 1220020001120 (base 3) to base 16.
f6279
-100220122121 (base 3) to base 5
-22220433
3a2089 (base 11) to base 5
130213242
What is -339b (base 14) in base 16?
-22fd
What is -73988 (base 10) in base 16?
-12104
Convert 11154141 (base 9) to base 2.
10100101000101000010010
What is -99be4 (base 15) in base 3?
-220211100121
Convert -223013562 (base 7) to base 5.
-11431031404
Convert -131133202 (base 4) to base 14.
-3204a
1383cc3 (base 13) to base 8
27442242
Convert 2a8a1b (base 13) to base 11.
655aa0
What is 32010002112 (base 4) in base 13?
9c0cba
What is 6b060a (base 16) in base 13?
15b7648
-3041421 (base 5) to base 8
-140713
What is -b67ab (base 13) in base 6?
-11013353
What is -25212014 (base 6) in base 16?
-c5dca
What is 90637 (base 13) in base 16?
3f03d
-73cbc (base 15) to base 3
-200122221120
Convert 415cba (base 13) to base 2.
101110100110001110011
What is 4001138 (base 9) in base 12?
866815
5e560 (base 16) to base 5
44331100
Convert 27224572 (base 8) to base 9.
12435111
Convert 310132244 (base 5) to base 4.
10302132130
What is -42400420 (base 5) in base 13?
-c6284
Convert 146548 (base 11) to base 2.
110111101110100010
Convert 19609a (base 13) to base 9.
1177155
-875841 (base 12) to base 10
-2145649
Convert -101200112101 (base 3) to base 5.
-23212330
Convert -141305 (base 8) to base 11.
-34509
What is 3300035 (base 6) in base 10?
163319
429282 (base 11) to base 15
d82ec
What is -1775b (base 13) in base 11?
-30a60
Convert 1430121103 (base 5) to base 2.
1110010100101000100000
Convert -12639 (base 16) to base 15.
-174b6
What is 33cc5 (base 13) in base 9?
153518
Convert 13123300200 (base 4) to base 13.
532ca4
416235 (base 8) to base 2
100001110010011101
What is -b44bb (base 14) in base 11?
-2774a1
What is -199690a (base 11) in base 6?
-200020122
What is -383384 (base 10) in base 12?
-165a48
-34281c (base 14) to base 11
-1001aa6
6b8b56 (base 13) to base 6
130522255
-15133315 (base 6) to base 10
-525647
Convert -211201210120 (base 3) to base 10.
-447459
-10212111020010 (base 3) to base 10
-2056674
4613575 (base 9) to base 6
125204235
What is 28557 (base 9) in base 12?
b297
1827d (base 16) to base 13
3605b
What is 11000021012 (base 3) in base 7?
446051
What is 410001 (base 10) in base 13?
114807
What is -2ace7 (base 15) in base 16?
-21abd
-246d5 (base 14) to base 10
-89171
What is -1476752 (base 9) in base 6?
-25313332
What is 100201120220 (base 3) in base 5?
22111202
What is -13001231033 (base 4) in base 9?
-3416665
Convert 2472850 (base 10) to base 3.
11122122010001
Convert 1045541054 (base 6) to base 2.
101011110001100001011010
Convert 2121032111 (base 4) to base 5.
130040410
-5045827 (base 9) to base 14
-4dd715
What is 550312 (base 10) in base 6?
15443424
What is 10000001001010111001 (base 2) in base 13?
156a87
What is -56708 (base 10) in base 11?
-39673
-1164c0 (base 14) to base 10
-593656
Convert -6b03 (base 14) to base 13.
-8627
What is 10001101001101101001101 (base 2) in base 10?
4627277
Convert 76861 (base 10) to base 16.
12c3d
Convert -a61096 (base 11) to base 7.
-20306443
Convert -352264 (base 7) to base 11.
-43586
594391 (base 10) to base 14
116887
What is -102202201 (base 4) in base 8?
-224241
What is -362757 (base 12) in base 6?
-30432551
What is 13003011 (base 5) in base 14?
3399b
What is 1122200223 (base 4) in base 8?
1324053
21210112212000 (base 3) to base 2
1111110011110010000001
What is -1202123103 (base 4) in base 2?
-1100010011011010011
What is 202200202101 (base 3) in base 11?
259042
Convert -4b716 (base 16) to base 3.
-120200212222
-122132232313 (base 4) to base 13
-1590790
Convert 11100001122210 (base 3) to base 16.
232878
-2103441331 (base 5) to base 11
-2507a57
-447412 (base 8) to base 13
-53b3c
What is -235140 (base 7) in base 3?
-2011110010
What is db452a (base 14) in base 9?
14867844
What is -46268 (base 12) in base 5?
-10444210
What is -39a595 (base 13) in base 16?
-1544c9
What is 22919 (base 15) in base 11?
75755
-12110220200000 (base 3) to base 8
-13066227
-8c940 (base 14) to base 13
-bc917
-344106 (base 7) to base 4
-33000030
Convert 20221021112001 (base 3) to base 16.
383f3b
What is -120252340 (base 6) in base 14?
-42c536
What is -212535 (base 7) in base 2?
-1001000001101100
2600150 (base 7) to base 2
1010010000101100000
What is 124521 (base 11) in base 8?
577275
Convert 546335 (base 10) to base 2.
10000101011000011111
What is bfab9 (base 16) in base 11?
496930
21113521 (base 6) to base 9
1138534
What is -235083 (base 9) in base 3?
-21012002210
Convert -100000010010011110010 (base 2) to base 14.
-1d781c
Convert -2364266 (base 8) to base 9.
-1188723
-56250540 (base 8) to base 15
-10ed7b2
Convert -476bb (base 13) to base 3.
-20122102010
-50455 (base 7) to base 12
-7101
What is -340207 (base 11) in base 12?
-22177a
What is -1054358 (base 12) in base 9?
-5740345
12100213002 (base 4) to base 10
1640898
-21020112010 (base 3) to base 8
-426310
Convert 9e00b5 (base 15) to base 12.
26393bb
Convert 41889a (base 14) to base 9.
4143147
What is 741333 (base 8) in base 12?
ba78b
Convert 52941 (base 10) to base 8.
147315
Convert 211cf (base 16) to base 3.
20220001101
Convert -181735 (base 10) to base 11.
-1145a4
Convert 497d99 (base 16) to base 5.
2213110111
What is -2772c3 (base 15) in base 3?
-10120101201110
What is -27a457 (base 12) in base 5?
-132120424
Convert 407387 (base 9) to base 14.
640a9
What is 1220012021201 (base 3) in base 13?
293884
-220020101022212 (base 3) to base 15
-11e655b
Convert -51243302 (base 6) to base 14.
-2a2cd0
748627 (base 12) to base 10
1839487
Convert -1020233211 (base 4) to base 12.
-124519
Convert 81558 (base 12) to base 4.
221013110
Convert -3db08 (base 14) to base 15.
-30559
Convert 15181b (base 12) to base 3.
200001112112
What is -8aa47 (base 13) in base 9?
-423860
-1deb2e (base 15) to base 3
-2202112201022
Convert -1120431 (base 5) to base 16.
-4e94
Convert -243110413 (base 5) to base 4.
-10113122203
Convert -741bad (base 14) to base 10.
-3923485
Convert ba25a (base 15) to base 5.
122404120
130123230220 (base 4) to base 16
71bb28
Convert -26564663 (base 7) to base 2.
-1001010110111010001100
-132850 (base 11) to base 3
-101121020010
-2500524 (base 6) to base 10
-132388
Convert -851915 (base 11) to base 9.
-2508110
-4358180 (base 9) to base 4
-20323231011
What is 310054 (base 10) in base 5?
34410204
-20672a9 (base 11) to base 3
-20211222000202
-3048120 (base 10) to base 2
-1011101000001010111000
What is 32910 (base 15) in base 9?
264346
Convert 19aa84 (base 11) to base 3.
120121201101
Convert -1011002201101 (base 3) to base 12.
-25630a
-199a808 (base 11) to base 7
-40422355
-643624 (base 8) to base 13
-76aa3
What is -2a9cc (base 13) in base 15?
-18e06
Convert -3d424 (base 14) to base 3.
-21201010212
-15434114 (base 8) to base 7
-42126432
Convert 32023222 (base 7) to base 15.
3887b7
-17427 (base 16) to base 6
-2013023
What is -4240021 (base 5) in base 3?
-10121202022
-217142 (base 13) to base 4
-3000010331
What is 11001100000100010 (base 2) in base 4?
121200202
Convert 105222131 (base 6) to base 12.
791947
-621d6 (base 14) to base 15
-4a07d
What is -39b28 (base 15) in base 13?
-66137
Convert -100266636 (base 7) to base 4.
-112023232200
7b83a (base 12) to base 7
1256044
20049 (base 16) to base 6
2451053
133560 (base 8) to base 13
184b4
What is -6d032 (base 14) in base 16?
-40fe4
Convert 1a5055 (base 15) to base 14.
2555ac
-364517 (base 8) to base 16
-1e94f
Convert -42420344 (base 5) to base 4.
-1113103133
What is -4267123 (base 8) in base 12?
-471103
1602055 (base 7) to base 14
59c65
What is -40324145 (base 6) in base 5?
-243142333
What is -11100101110100110 (base 2) in base 16?
-1cba6
312440141 (base 5) to base 10
1296296
506838 (base 11) to base 15
1113d5
Convert 16065033 (base 8) to base 11.
20a5822
Convert -574074 (base 10) to base 6.
-20145430
-120111010021112 (base 3) to base 15
-ac873e
-1c82ab (base 16) to base 9
-3457035
Convert -64702372 (base 8) to base 14.
-1babb2a
What is -101010010101010100011011 (base 2) in base 6?
-1033504415
Convert -112267 (base 10) to base 4.
-12312202